True
Is 981865 a multiple of 359?
True
Does 165 divide 992310?
True
Is 614073 a multiple of 15?
False
Does 2 divide 6842?
True
Is 1448579 a multiple of 319?
True
Is 3288222 a multiple of 27?
True
Is 5065896 a multiple of 372?
True
Is 12277 a multiple of 2?
False
Does 591 divide 2553998?
False
Is 13297664 a multiple of 512?
True
Does 40 divide 1330?
False
Does 11 divide 4964113?
True
Is 6 a factor of 130872?
True
Does 8 divide 224922?
False
Does 672 divide 1006798?
False
Does 507 divide 6318052?
False
Does 184 divide 231472?
True
Is 238056 a multiple of 13?
True
Does 10 divide 135730?
True
Is 26137 a multiple of 12?
False
Does 9 divide 2268217?
False
Is 32 a factor of 83591?
False
Does 172 divide 6400896?
False
Does 14 divide 3239670?
True
Is 64577 a multiple of 15?
False
Is 181556 a multiple of 13?
False
Does 10 divide 23830?
True
Is 73062 a multiple of 22?
True
Is 2380766 a multiple of 82?
False
Does 59 divide 311389?
False
Does 594 divide 310725?
False
Does 356 divide 763264?
True
Is 1362 a factor of 2245938?
True
Does 70 divide 495600?
True
Does 163 divide 849067?
True
Is 16560 a multiple of 345?
True
Is 226 a factor of 924395?
False
Does 59 divide 318943?
False
Is 128247 a multiple of 16?
False
Does 150 divide 3147900?
True
Does 199 divide 29421102?
False
Is 18 a factor of 2177253?
False
Is 171 a factor of 63230?
False
Is 931924 a multiple of 852?
False
Is 74 a factor of 1987344?
True
Is 422426 a multiple of 196?
False
Does 138 divide 671370?
True
Is 49 a factor of 1897253?
False
Does 35 divide 2949509?
False
Is 216140 a multiple of 49?
False
Is 32 a factor of 1336512?
True
Is 180583 a multiple of 47?
False
Does 267 divide 4982435?
False
Is 163710 a multiple of 321?
True
Is 5 a factor of 10110?
True
Is 1542 a factor of 6602844?
True
Does 142 divide 1122226?
True
Is 561145 a multiple of 485?
True
Does 61 divide 1430450?
True
Is 439340 a multiple of 20?
True
Is 14 a factor of 154238?
True
Does 22 divide 7356628?
False
Is 35 a factor of 582295?
True
Is 733303 a multiple of 37?
True
Does 67 divide 201193?
False
Is 13 a factor of 357101?
False
Is 559 a factor of 12971058?
False
Is 848371 a multiple of 53?
True
Does 5 divide 346835?
True
Is 998200 a multiple of 62?
True
Is 159 a factor of 635682?
True
Is 43 a factor of 25091661?
True
Is 223110 a multiple of 159?
False
Does 66 divide 142098?
True
Is 101 a factor of 255126?
True
Is 20 a factor of 4637440?
True
Is 159 a factor of 4801278?
False
Is 844582 a multiple of 302?
False
Does 24 divide 148268?
False
Does 45 divide 14917?
False
Is 66 a factor of 534864?
True
Is 1824490 a multiple of 86?
True
Does 29 divide 55452?
False
Is 1447 a factor of 1083803?
True
Is 3 a factor of 113006?
False
Is 57624 a multiple of 98?
True
Does 218 divide 243070?
True
Is 11 a factor of 67127?
False
Is 3690691 a multiple of 678?
False
Is 58061 a multiple of 10?
False
Does 9 divide 200610?
True
Is 3 a factor of 4053?
True
Does 32 divide 173329?
False
Is 953766 a multiple of 3?
True
Is 15 a factor of 468510?
True
Is 530 a factor of 411810?
True
Is 128 a factor of 7621?
False
Is 30 a factor of 4561417?
False
Does 8 divide 1322602?
False
Does 17 divide 5615117?
True
Is 3513453 a multiple of 15?
False
Does 8 divide 3466032?
True
Does 11 divide 999042?
True
Does 7 divide 236214?
False
Is 35 a factor of 6003?
False
Is 15 a factor of 5435006?
False
Is 32 a factor of 1000768?
True
Does 168 divide 116760?
True
Is 156951 a multiple of 9?
True
Is 7 a factor of 52482?
False
Does 5 divide 27802?
False
Is 20 a factor of 22633?
False
Does 97 divide 1237540?
False
Is 96226 a multiple of 243?
False
Is 1013573 a multiple of 11?
True
Is 7209164 a multiple of 578?
False
Does 4 divide 93598?
False
Does 31 divide 990605?
True
Is 3 a factor of 472129?
False
Is 76 a factor of 893942?
False
Is 8 a factor of 133419?
False
Is 544976 a multiple of 269?
False
Does 64 divide 54464?
True
Is 33 a factor of 186892?
False
Is 20 a factor of 5628040?
True
Is 278113 a multiple of 157?
False
Does 14 divide 1142025?
False
Is 23 a factor of 2898345?
True
Is 117 a factor of 1235206?
False
Does 244 divide 170800?
True
Is 363766 even?
True
Does 34 divide 6720356?
False
Is 110005 a multiple of 212?
False
Does 13 divide 2102880?
True
Does 34 divide 284036?
True
Is 13 a factor of 2187796?
True
Is 760278 a multiple of 44?
False
Does 255 divide 1876545?
True
Is 271 a factor of 1132238?
True
Is 103 a factor of 1314589?
True
Is 40 a factor of 31653?
False
Is 1668352 a multiple of 784?
True
Does 75 divide 15186?
False
Does 149 divide 10465462?
True
Is 1063842 a multiple of 69?
True
Does 343 divide 126969?
False
Is 17 a factor of 7605851?
True
Does 268 divide 536000?
True
Is 26 a factor of 259584?
True
Does 3 divide 3492195?
True
Is 644380 a multiple of 55?
True
Does 156 divide 285324?
True
Is 113925 a multiple of 31?
True
Is 772917 a multiple of 9?
False
Does 8 divide 11616?
True
Does 43 divide 141411?
False
Is 160452 a multiple of 7?
False
Does 423 divide 5993462?
False
Is 450 a factor of 2704734?
False
Does 1279 divide 9443859?
False
Does 445 divide 148308?
False
Is 9228960 a multiple of 208?
True
Is 340 a factor of 1240837?
False
Is 14 a factor of 15465482?
False
Does 7 divide 156975?
True
Is 4677584 a multiple of 1440?
False
Is 4982617 a multiple of 775?
False
Is 17 a factor of 2774762?
False
Is 9 a factor of 160369?
False
Is 304 a factor of 2981552?
False
Is 784 a factor of 11039645?
False
Does 36 divide 188532?
True
Is 19 a factor of 345476?
False
Is 15751037 a multiple of 18?
False
Is 35968 a multiple of 4?
True
Is 23 a factor of 2121432?
False
Is 324 a factor of 68364?
True
Does 31 divide 247938?
True
Is 842856 a multiple of 6?
True
Is 90 a factor of 9450?
True
Is 1166454 a multiple of 18?
True
Is 392209 a multiple of 5?
False
Is 34 a factor of 87751?
False
Is 9 a factor of 145722?
False
Is 630 a factor of 935970?
False
Is 5313316 a multiple of 1412?
False
Is 7 a factor of 716821?
True
Is 13 a factor of 555630?
False
Does 32 divide 2451456?
True
Is 644248 a multiple of 12?
False
Does 151 divide 33261?
False
Does 10 divide 233510?
True
Is 18 a factor of 11454912?
True
Is 17 a factor of 206502?
False
Is 21515764 a multiple of 388?
True
Does 301 divide 3436216?
True
Is 117918 a multiple of 9?
True
Is 36990 a multiple of 137?
True
Does 774 divide 14886342?
True
Is 31 a factor of 239969?
False
Is 51 a factor of 76704?
True
Does 50 divide 97950?
True
Is 22 a factor of 2119804?
False
Is 32 a factor of 431968?
True
Is 1843119 a multiple of 17?
False
Is 54891 a multiple of 321?
True
Is 17 a factor of 303647?
False
Does 15 divide 744001?
False
Is 63 a factor of 149482?
False
Does 881 divide 6533489?
False
Does 1080 divide 7875360?
True
Is 14 a factor of 46817?
False
Is 938597 a multiple of 42?
False
Is 209930 a multiple of 7?
True
Is 43 a factor of 315233?
True
Is 150333 a multiple of 23?
False
Is 137808 a multiple of 36?
True
Is 464814 a multiple of 51?
True
Does 58 divide 275887?
False
Is 24 a factor of 277872?
True
Is 180378 a multiple of 6?
True
Does 11 divide 282355?
False
Is 3323451 a multiple of 50?
False
Does 18 divide 270708?
False
Is 10 a factor of 2205825?
False
Does 155 divide 809881?
False
Is 145 a factor of 2059211?
False
Does 51 divide 1183302?
True
Is 12 a factor of 40904?
False
Does 185 divide 5180?
True
Is 5 a factor of 8321741?
False
Is 105 a factor of 143640?
True
Is 143962 a multiple of 14?
True
Is 74 a factor of 1077858?
False
Does 149 divide 3115985?
False
Does 47 divide 3741905?
True
Does 19 divide 177555?
True
Is 119 a factor of 47911?
False
Does 552 divide 1425816?
True
Is 417764 a multiple of 284?
True
Is 42 a factor of 197122?
False
Is 395685 a multiple of 135?
True
Is 10397972 a multiple of 13?
True
Is 636674 a multiple of 374?
False
Is 79 a factor of 256816?
False
Does 19 divide 434834?
True
Is 104 a factor of 395795?
False
Does 23 divide 608011?
False
Does 8 divide 8853136?
True
Does 543 divide 5334975?
True
Does 126 divide 11175192?
True
Is 161594 a multiple of 43?
True
Is 15 a factor of 199440?
True
Is 987 a factor of 938402?
False
Is 7 a factor of 863135?
True
Does 81 divide 319354?
False
Is 12216238 a multiple of 947?
False
Is 21 a factor of 3019380?
True
Does 135 divide 332100?
True
Does 10 divide 72437?
False
Is 45150 a multiple 